ivided by 3694.
3367
What is the remainder when 99981 is divided by 19644?
1761
What is the remainder when 788876 is divided by 16099?
25
Calculate the remainder when 36990633 is divided by 4723.
97
What is the remainder when 1968820 is divided by 41016?
52
Calculate the remainder when 748771 is divided by 241.
225
Calculate the remainder when 19805794 is divided by 18.
16
What is the remainder when 1133655 is divided by 31?
16
Calculate the remainder when 260563 is divided by 25886.
1703
What is the remainder when 648171 is divided by 691?
13
What is the remainder when 337791 is divided by 19869?
18
What is the remainder when 7531907 is divided by 289?
278
What is the remainder when 15123221 is divided by 7370?
7351
Calculate the remainder when 140069 is divided by 1556.
29
Calculate the remainder when 74522111 is divided by 3248.
3247
What is the remainder when 4470334 is divided by 372507?
250
Calculate the remainder when 36640092 is divided by 2064.
2028
What is the remainder when 352279 is divided by 50321?
32
Calculate the remainder when 1028947 is divided by 812.
143
What is the remainder when 1983733 is divided by 324?
205
What is the remainder when 576127 is divided by 2973?
2338
Calculate the remainder when 9128064 is divided by 26.
10
What is the remainder when 1859233 is divided by 265601?
26
Calculate the remainder when 138584 is divided by 45925.
809
Calculate the remainder when 5950609 is divided by 991767.
7
Calculate the remainder when 1405813 is divided by 3595.
168
Calculate the remainder when 11382 is divided by 7.
0
What is the remainder when 13316971 is divided by 13316970?
1
Calculate the remainder when 1803185 is divided by 902.
87
What is the remainder when 1450936 is divided by 1450918?
18
What is the remainder when 175417 is divided by 58410?
187
What is the remainder when 133269122 is divided by 334847?
16
What is the remainder when 400323 is divided by 6904?
6795
Calculate the remainder when 2489749 is divided by 14713.
3252
What is the remainder when 183993 is divided by 14031?
1590
What is the remainder when 582589 is divided by 97087?
67
Calculate the remainder when 4001056 is divided by 6559.
66
What is the remainder when 515058 is divided by 5989?
4
Calculate the remainder when 110851979 is divided by 250.
229
What is the remainder when 9619236 is divided by 353?
339
What is the remainder when 1159902 is divided by 96657?
18
Calculate the remainder when 21736778 is divided by 160.
138
Calculate the remainder when 947428 is divided by 568.
4
Calculate the remainder when 42886 is divided by 2940.
1726
What is the remainder when 4023337 is divided by 424?
1
Calculate the remainder when 74246384 is divided by 29770.
4
Calculate the remainder when 12832 is divided by 6359.
114
What is the remainder when 38189 is divided by 12357?
1118
What is the remainder when 681758720 is divided by 211?
207
Calculate the remainder when 4349642 is divided by 161096.
50
Calculate the remainder when 121845 is divided by 326.
247
What is the remainder when 1201387 is divided by 865?
767
What is the remainder when 1595781 is divided by 1714?
47
Calculate the remainder when 964595 is divided by 23524.
111
Calculate the remainder when 3671704 is divided by 5565.
4369
Calculate the remainder when 23201 is divided by 2735.
1321
What is the remainder when 4020401 is divided by 60004?
133
What is the remainder when 713122 is divided by 79232?
34
What is the remainder when 20245 is divided by 6597?
454
What is the remainder when 6624610 is divided by 7?
6
Calculate the remainder when 82670086 is divided by 41335040.
6
What is the remainder when 491817 is divided by 1398?
1119
Calculate the remainder when 24323 is divided by 1517.
51
What is the remainder when 9832 is divided by 4618?
596
What is the remainder when 1268889 is divided by 9259?
406
What is the remainder when 609495 is divided by 121694?
1025
Calculate the remainder when 977459 is divided by 977421.
38
What is the remainder when 435239 is divided by 435140?
99
Calculate the remainder when 102317461 is divided by 3100528.
37
Calculate the remainder when 49635076 is divided by 953.
930
What is the remainder when 3785392 is divided by 1025?
67
What is the remainder when 11827011 is divided by 451?
438
Calculate the remainder when 37374 is divided by 16734.
3906
Calculate the remainder when 4780897 is divided by 42.
37
Calculate the remainder when 228786 is divided by 56268.
3714
Calculate the remainder when 1328699 is divided by 1901.
1801
What is the remainder when 9107159 is divided by 140110?
9
Calculate the remainder when 1991116 is divided by 254.
10
What is the remainder when 2540458 is divided by 151?
34
Calculate the remainder when 1502614 is divided by 136601.
3
What is the remainder when 15769 is divided by 6521?
2727
Calculate the remainder when 37509038 is divided by 37508986.
52
What is the remainder when 1874660 is divided by 755?
750
What is the remainder when 3651969 is divided by 4492?
4465
What is the remainder when 43712 is divided by 3522?
1448
Calculate the remainder when 37967 is divided by 3977.
2174
Calculate the remainder when 1239953 is divided by 1239730.
223
Calculate the remainder when 717837 is divided by 89617.
901
What is the remainder when 14812266 is divided by 3121?
0
What is the remainder when 147632 is divided by 2739?
2465
What is the remainder when 1721323 is divided by 430326?
19
What is the remainder when 42779821 is divided by 8?
5
Calculate the remainder when 57603 is divided by 350.
203
What is the remainder when 107970913 is divided by 4069?
4067
What is the remainder when 1581558 is divided by 1021?
29
Calculate the remainder when 15788995 is divided by 32.
3
Calculate the remainder when 844072 is divided by 35127.
1024
What is the remainder when 17355750 is divided by 252?
6
What is the remainder when 4134664212 is divided by 1705?
1702
Calculate the remainder when 777500 is divided by 409.
400
Calculate the remainder when 1427142 is divided by 1262.
1082
What is the remainder when 79151 is divided by 8720?
671
What is the remainder when 123530 is divided by 19278?
7862
What is the remainder when 457905506 is divided by 123?
122
Calculate the remainder when 22072290 is divided by 3081.
6
Calculate the remainder when 6658103 is divided by 110968.
23
What is the remainder when 1285221 is divided by 3052?
329
What is the remainder when 64245 is divided by 67?
59
Calculate the remainder when 457934 is divided by 58.
24
Calculate the remainder when 35290 is divided by 410.
30
Calculate the remainder when 4842115 is divided by 18135.
70
What is the remainder when 6708768 is divided by 59?
55
What is the remainder when 139561 is divided by 45768?
2257
Calculate the remainder when 6073811 is divided by 108.
107
What is the remainder when 17058490 is divided by 3?
1
Calculate the remainder when 1783619 is divided by 3146.
2983
What is the remainder when 41161007 is divided by 110?
107
Calculate the remainder when 500809 is divided by 14213.
3354
Calculate the remainder when 9653163 is divided by 2.
1
What is the remainder when 61465064 is divided by 962?
960
Calculate the remainder when 256331 is divided by 1582.
47
What is the remainder when 240163 is divided by 71?
41
What is the remainder when 256887 is divided by 4670?
37
What is the remainder when 27988061 is divided by 152?
149
Calculate the remainder when 1417034 is divided by 94396.
1094
Calculate the remainder when 244584 is divided by 533.
470
Calculate the remainder when 1902978 is divided by 271823.
217
Calculate the remainder when 112745818 is divided by 2581.
2576
Calculate the remainder when 2220239 is divided by 443931.
584
What is the remainder when 61091438 is divided by 36?
14
Calculate the remainder when 281212 is divided by 178.
150
Calculate the remainder when 6313469 is divided by 1787.
1785
Calculate the remainder when 36556428 is divided by 60826.
2
Calculate the remainder when 671723 is divided by 218.
65
What is the remainder when 1398870 is divided by 288?
54
What is the remainder when 7186 is divided by 18?
4
What is the remainder when 71937 is divided by 1142?
1133
Calculate the remainder when 3478454 is divided by 1763.
55
Calculate the remainder when 146849